he first derivative of z**4/4 + 5*z**3/3 + 13*z**2/2 + 19*z + 1839. Calculate f(-3).
-2
Let g(t) = 2*t**3 + 0 - 14 + 13*t**3 + 18*t**3 - 35*t**3 + 15*t**2 + 8*t. Determine g(8).
-14
Let f = 60452 - 60450. Let s(o) be the first derivative of -o**2 - 3*o - 2. What is s(f)?
-7
Let j = 14037 + -14046. Let y(t) = t + 14. What is y(j)?
5
Let j(a) be the second derivative of -a**3/6 - 2*a**2 - 2231*a - 2. Let b be 2 + 5*1/(-1). Calculate j(b).
-1
Let n(h) = -1997*h + 3995*h - 2001*h + 7. Suppose 6*s - 30 = 3*s. Let c be (-4)/s - (-297)/55. What is n(c)?
-8
Let n(r) = -13 + 4135*r**2 + 12*r + 9 - 4133*r**2 + 2*r. Give n(-11).
84
Let p(g) = g**3 + 18*g**2 - 2*g - 30. Suppose 47 = -4*z + 5*d, -5*d = -59*z + 60*z + 43. Determine p(z).
6
Let y(q) be the second derivative of -q**4/12 + 7*q**3/3 + 28*q**2 - 102*q + 4. What is y(17)?
5
Suppose 10*r - 130 + 5 = 205. Let s(j) = -j**3 + 33*j**2 - 10. What is s(r)?
-10
Let b(c) = -798*c**3 - 800*c**3 + 1597*c**3 + 5 + 4*c**2 + 7*c. Calculate b(5).
15
Let o(a) = -6*a**2 - 22 + 8 + 10 + 0*a**2 - 140*a + 102*a. What is o(-6)?
8
Suppose -26 + 6 = -5*h. Let t be 1 - (-3 + -3 + h - 0). Suppose -4*f - 4*p + t = -1, 0 = 5*p + 20. Let q(o) = -2*o**2 + 5*o + 7. Calculate q(f).
-18
Let n(z) = z**3 - z**2 - 11*z + 1. Let w(g) = -2*g**3 + 12*g**2 + 48*g - 14. Let b(f) = -3*n(f) - w(f). What is b(-6)?
-7
Let z(l) = -89*l**2 + 112*l + 35. Let k(c) = 25*c**2 - 38*c - 12. Let y(p) = 7*k(p) + 2*z(p). Give y(-13).
25
Let f(q) = -2*q - 22. Let a be f(-14). Let y(x) = -a + 4*x + 22 - 8 - 6. What is y(-3)?
-10
Let l(i) = -15*i - 239. Let q be l(-15). Let b(z) = -z**3 - 14*z**2 - 5*z - 60. Give b(q).
10
Suppose 0 = 97*b + 1049 - 467. Let l(i) = 10*i + 26. What is l(b)?
-34
Let x(h) = -4*h + 23. Let l be x(5). Let m(a) = 15*a + 1. Let k(i) = 17*i + 2. Let o(n) = l*m(n) - 2*k(n). What is o(1)?
10
Suppose -2*t + 557*h - 2 = 553*h, -t = 3*h + 6. Let s(j) = -3*j**2 - 13*j - 6. What is s(t)?
6
Let p(o) = -2*o + 3 + 14 + o. Suppose 3*v + 2965 - 1431 = 20*v + 1296. What is p(v)?
3
Let t(o) = o**2 - 10*o + 9. Suppose 19 = 3*z + 301. Let k = z + 104. Calculate t(k).
9
Suppose 0 = b + 113 - 202. Let x(d) = -35*d - 1 - 38*d**2 + 124*d - b*d. Determine x(-1).
-39
Let r(g) = -10*g**2 + 2*g - 4. Let h(l) = -5*l**2 + l - 2. Suppose -27 = -22*b + 17. Let j(u) = b*r(u) - 5*h(u). What is j(1)?
6
Let f(a) = -a**2 + 12*a - 13. Let l = 8812 - 8799. What is f(l)?
-26
Let f be 4/26 + (-258)/(-13). Suppose -f*r + 32 = -88. Let u(v) = -v + 15. Calculate u(r).
9
Suppose 0 = 3*h + 41 - 470. Let m be 455/h - 2/11. Let f(t) = -t**2 - 3*t - 4. Give f(m).
-22
Let g(a) = 3*a - 1 - 2*a - 1148*a**2 + 1150*a**2 + 3*a. Suppose -f - 4 - 6 = 3*t, f - 10 = 2*t. Let q be 4 + -4 + -2 - 2/f. Determine g(q).
5
Let j(i) = -12 - 208*i**2 - i**3 - 14*i - 205*i**2 + 403*i**2. Determine j(-8).
-28
Let j(s) = 71*s + 27. Let p(f) = 160*f + 54. Let w(l) = -9*j(l) + 4*p(l). Calculate w(19).
-8
Suppose 0 = -4*j - 4*t - 216, -5*j = -5*t + 36 + 194. Let r be j/(-1) - (2 + 1). Let g = r - 53. Let q(d) = d**2 + 6*d + 3. Give q(g).
3
Suppose -3 = -4*n + 1. Let o(q) = -544*q + 2. Let h(a) = -241*a + 1. Let r(w) = 9*h(w) - 4*o(w). Calculate r(n).
8
Let h(t) = 10*t**3 + 5*t**2 - 5*t - 9. Let m = 277 - 273. Let o(v) = 11*v**3 + 4*v**2 - 4*v - 7. Let n(j) = m*h(j) - 5*o(j). Calculate n(-1).
14
Let a(f) be the second derivative of f**4/4 + f**3/2 - 6*f + 6. Let u(p) = 16*p**2 + 15*p. Let t(b) = 11*a(b) - 2*u(b). Calculate t(-5).
10
Let p = 99 + -101. Let j(r) be the first derivative of -r**4/4 + r**3/3 + r**2 - r + 26. Determine j(p).
7
Let a(p) = 0 + 2 - 4*p - 5 + 5*p. Suppose -3*v = 3*i + 3, -22 = 6*i - 8*i + 4*v. Calculate a(i).
0
Let i be -6*((12/8)/(-1) - -1). Suppose 2*p = 3*m, -m + 4*p = -i*m. Let v(x) = m*x**3 - x**2 - x**3 - 3*x**2. What is v(-2)?
-8
Let i = 27 + -28. Let b be 2 + (i + -1)/(-6 + 7). Suppose -3*n + 15 = 0, b*p + 2*n = 4*p + 26. Let k(j) = -j**2 - 5*j - 2. Determine k(p).
2
Let z(a) be the second derivative of a**4/12 - 3*a**3 - 11*a**2 - 2*a + 854. Calculate z(19).
-3
Let o be ((-2)/8*0)/2. Let z(n) = -8*n + 5*n**2 + o*n - 1124 + n**3 + 1117. Give z(-6).
5
Let t(x) be the first derivative of -8*x**2 - 6*x - 2295. Calculate t(-5).
74
Let k be (-102)/(-85) - (-2 + 24/(-5)). Suppose -k = 2*c + 4*h, 3*c + 3*h + 6 = -0*c. Let g(q) = -6*q + 5. Calculate g(c).
5
Let j be (-6)/4*188/(-141). Let y(m) = -33 + 65 + 8*m - m**2 - 37 + 0*m**j. Suppose 4*r - 2*c = 19 + 1, 2*c + 15 = 3*r. Determine y(r).
10
Let i(u) = u**3 - 7*u**2 - 8*u - 7. Let a be (-1)/(-2 + 0)*-6. Let c be (17 - 1 - a) + 2. Suppose -3 = -3*q + c. Determine i(q).
-7
Let s(j) = 2*j**3 - 18*j**2 + 2*j - 1. Suppose -19 = -2*n - 5*v, 4*v = 4*n - 0 - 24. Let f(t) = -t**3 + 9*t**2. Let u(q) = n*f(q) + 4*s(q). What is u(8)?
-4
Let q = -2195 - -2192. Let b(z) = -z**3 + 2*z**2 + 3*z + 4. Determine b(q).
40
Let g(j) = -j + 7. Let o(a) = 115*a - 3543. Let c be o(31). Determine g(c).
-15
Let j(p) = 7*p**2 - 1. Let f = 2225 - 2224. Give j(f).
6
Let z(p) = -9*p**2 - 9 - 54*p**3 - 91*p + 53*p**3 + 82*p. Calculate z(-8).
-1
Let k(m) be the second derivative of -5/6*m**3 - 1/12*m**4 + 5*m**2 + 0 - 99*m. Calculate k(-7).
-4
Let u(p) be the second derivative of -p**5/20 + 5*p**4/4 - 13*p**3/3 - 12*p**2 - 4*p + 315. Determine u(13).
-24
Let g(j) = -7*j**2 - 10*j - 12. Suppose -14*r - 44 = -100. Let b(o) = -16*o**2 - 21*o - 23. Let x(t) = r*b(t) - 9*g(t). Determine x(7).
9
Let h(d) be the third derivative of -255*d**2 + 1/3*d**3 - 1/12*d**4 + 0*d + 0. What is h(2)?
-2
Let f be (536/(-335))/(1/(-30)). Suppose -51 = 3*b - f. Let k(l) be the second derivative of -11*l**5/20 + l**3/6 + l**2/2 - l. Give k(b).
11
Let p = 1 + -1. Let t(v) be the third derivative of -v**6/120 + v**4/24 - 19*v**3/6 - 43639*v**2. Determine t(p).
-19
Let b(u) = u**2 - 2*u - 5. Let i(g) = -g**2 + 23*g - 27. Let l be i(21). Suppose -4*p - 55 = -l*p. Suppose 3*m = p*w + 7, -3*w = 3*m + 2*w - 17. What is b(m)?
3
Suppose -2*y + 2*i = 363 + 329, 3*i + 712 = -2*y. Let c = y + 350. Let q(o) = o**3 - 18. Give q(c).
-18
Let m(v) = -v**3 + 7*v**2 + 7. Let y = -274 + 288. Suppose -w + 22 = -5*g, 0 = -y*w + 10*w - 3*g + 19. Determine m(w).
7
Let o(t) = t**2 - 3*t - 1. Suppose -28*n + 23*n = 5. Let b be ((0 + n)*3)/(-31 + 32). Determine o(b).
17
Let a be ((-19)/((-399)/28))/((-147)/(-135) - 1). Let z(q) = q**3 - 17*q**2 + 30*q + 1. What is z(a)?
1
Let f(x) = -11*x**3 - 8*x**2 + 10*x + 93. Let o(s) = -7*s**3 - 6*s**2 + 6*s + 59. Let r(p) = -5*f(p) + 8*o(p). What is r(-9)?
106
Suppose 39*j + 154 + 236 = 0. Let q(a) = -a**2 - 10*a + 6. Determine q(j).
6
Let q(h) = 50*h**2 - 8*h - 3. Let g(p) = 67*p**2 - 8*p - 1. Let y(v) = -3*g(v) + 4*q(v). Suppose 10 = 2*m, 5*f + m = f - 19. Calculate y(f).
3
Let g be 15/(-4)*(-1288)/805. Let u(z) = 4*z - 6*z + 7 - 4*z + z**2. Give u(g).
7
Suppose -5*d + 26 = 3*n - 10*d, 0 = 3*d + 3. Let f(x) = -8 + 2*x**2 + x - 3*x - 3*x**2. Let s(m) = m**2 + 2*m + 9. Let i(q) = n*f(q) + 6*s(q). Calculate i(-2).
-2
Let m(q) be the first derivative of -q**4/4 + 10*q**3/3 + 5*q**2 + 14*q + 1850. Determine m(11).
3
Let d = -16 - -27. Suppose 2*i - 2 = -2*i + 2*p, -2*i - p + d = 0. Let g(s) be the first derivative of s**4/4 - s**3/3 - s**2 + s - 663. Give g(i).
13
Let q = 127 - 125. Let x = 19 - 15. Suppose f = x*u + 12, q*f = -0*f - 2*u - 16. Let p(s) = -s**3 - 3*s**2 + 5*s + 6. Calculate p(f).
2
Let o(l) = 3*l**2 + 74*l - 476. Let h be o(-30). Let v(b) be the third derivative of -7/60*b**5 - 16*b**2 + 0*b + 0 + 0*b**3 - 1/24*b**h. What is v(-2)?
-26
Let y(c) = -59*c**3 - 1. Let d be 2 + (-12)/7 + (-825)/(-1155). Determine y(d).
-60
Let h(k) be the second derivative of -k**3/3 + k**2/2 - k. Let u(z) = -z**3 - 78*z**2 - 73*z + 306. Let y be u(-77). Calculate h(y).
5
Let z(i) = -2*i**2 - 5*i - 2. Let t be z(-3). Let f(k) = 3*k - 44. Let u be f(14). Let v be 44/(-10) + (-12)/t + u. Let b(l) = -l + 1. Calculate b(v).
5
Let i(y) = -16. Let x(l) = 4*l - 128. Let f(s) = 8*i(s) - 2*x(s). What is f(17)?
-8
Let s(v) = v**2 - 5*v - 27. Let o be 740/105 - (-28)/(-588). Determine s(o).
-13
Let f(r) be the second derivative of r**5/20 - 11*r**4/12 + 2*r**3/3 - 10*r**2 + 4*r - 29. Determine f(11).
24
Let h = 938 - 924. Let c(y) = 2*y**2 - 36*y + 119. Let z be c(h). Let s(i) = -